 t + 27. Calculate h(y).
3
Let v(c) = 6*c**3 - c**2 + c. Let o(w) = 7*w**3 - w**2 + w - 1. Let d(x) = 5*o(x) - 6*v(x). Give d(0).
-5
Let g(r) be the third derivative of -r**6/120 + r**5/15 - r**4/24 - r**3/3 - 6*r**2. What is g(3)?
4
Suppose -3*p + 3 = 3*t, t + 3*p - 27 = 4*t. Let y(a) be the first derivative of -a**2 - 2*a - 8. Calculate y(t).
6
Let w(y) = y**2 - 12*y + 14. Let i be ((-90)/(-24))/(6/16). Let b be w(i). Let g(v) = -4*v. Let z(r) = 3*r. Let s(c) = 2*g(c) + 3*z(c). Calculate s(b).
-6
Suppose -2*l = -44 + 38. Let x(s) be the first derivative of s + 5/2*s**2 + l. What is x(-2)?
-9
Let f(y) = -2*y - 4 + y - 1. Let r(p) = -7 + 7 + 4. Let d(b) = -4*f(b) - 5*r(b). Give d(1).
4
Let w(n) = -n**3 - n**2 + 4*n - 3. Suppose -d = -a, a + 8 = 5*d - 0*d. Give w(a).
-7
Let r(i) = -i**3 + 8*i**2 - 3*i - 4. Let z(j) = -j**3 + 9*j**2 - 4*j - 4. Let n(q) = 5*r(q) - 4*z(q). Calculate n(4).
0
Let b(x) be the first derivative of x**3 + x + 2. Let j(f) = 3*f**3 + f**2 - 1. Let w be j(1). Suppose -a = 2*o + o - 14, 0 = 2*a + w*o - 16. Determine b(a).
13
Let m(f) be the first derivative of f**2/2 - 4*f - 6. Determine m(3).
-1
Let u(i) = i**3 - 5*i**2 + 3*i - 12. Let z(k) = -2*k**3 + 9*k**2 - 5*k + 24. Let h(l) = -7*u(l) - 4*z(l). Calculate h(0).
-12
Suppose -2*a - 2*d = 2, 5*d + 4 = 4*a - 1. Let n(k) = -k**3 - k**2 - k - 2. Give n(a).
-2
Let c(x) be the third derivative of -x**6/120 - x**5/10 - 5*x**4/24 + x**3 + 2*x**2. Calculate c(-5).
6
Let j be -1*1*3/(-3). Let q(g) = g**2 + 2 + j + 3*g + 1 + 0. Let m be 6/4*24/(-9). Determine q(m).
8
Let t(n) = 6*n + 1. Let v(d) = -18*d - 3. Let k(f) = 11*t(f) + 4*v(f). What is k(-1)?
5
Let b(j) be the third derivative of -j**9/60480 - j**8/3360 - j**7/840 - j**5/20 + 3*j**2. Let w(s) be the third derivative of b(s). Give w(-5).
5
Let h(k) = -k. Let j be 0 + -3 + 2 - 4. Let d be h(j). Let i(g) be the third derivative of -g**6/120 + g**5/10 - g**4/6 - g**3/2 - g**2. Calculate i(d).
2
Let i(v) = v**3 + 4*v**2 - 3*v + 4. Suppose 3*y = -4*a - 14, 5*y + 4 = 4*y - 2*a. Let x be (26/y - -2)*-3. Let z = x + -12. What is i(z)?
-6
Let l(i) = -i**2 + 4*i + 7. Let j = 19 + -11. Let u be (0 - 0) + -2 + j. Calculate l(u).
-5
Let z be 2*(-3)/(-2) - (5 - 4). Let l(w) = 1 - 2*w + w**3 + 4*w - 2*w**3. What is l(z)?
-3
Let u(i) = 3*i + 5 - i + 0 - 4. Determine u(5).
11
Let g(h) = -h + 2. Suppose 8 + 10 = 3*l. Let z be g(l). Let x(p) = -4*p**2 + 2*p + 7 - 3 - 85*p**3 + 84*p**3. Give x(z).
-4
Let x(t) be the first derivative of 3*t - 1/2*t**2 - 3. What is x(6)?
-3
Let p(f) = 17 - 5*f**2 + 4*f**2 - 14. Calculate p(-5).
-22
Let k be -3*-1*(-2)/(-6). Let q(c) = -c - 1. Let d(z) = -3*z - 5. Let o(s) = k*d(s) - 4*q(s). Give o(-5).
-6
Let j = 53 + -50. Let x(w) be the second derivative of -w**2 + 4*w + 0 + 1/6*w**j + 1/12*w**4. What is x(0)?
-2
Let t be -31 - 2/4*-4. Let z = t + 17. Let m(s) = s**2 + 12*s - 5. Let d be m(z). Let n(o) = -o - 1. Calculate n(d).
4
Let c(y) = y**3 + 3*y**2 + 2*y + 3. Suppose -4*u - u - 30 = -2*q, -7 = q + 3*u. Suppose q*r + 9 = -4*d - 3, -d + r = 3. Determine c(d).
-3
Let s be ((-72)/30)/(1/(-5)). Let z = 7 - s. Let i(c) = c**2 + 5*c + 5. Give i(z).
5
Let v(l) = l + 2. Let m(i) = i + 2. Let r(d) = 3*m(d) - 2*v(d). Calculate r(4).
6
Suppose 0*k - 2*k + 3*r - 13 = 0, -4*k = 4*r - 4. Let d(f) be the second derivative of -2*f**3/3 + f**2/2 + 2*f. Determine d(k).
9
Let b(x) = 5*x - 7 - x + 7. What is b(-1)?
-4
Let j(n) = n**3 + 70 - 146 + 2*n - 5*n**2 + 79. Determine j(5).
13
Let y(a) be the second derivative of -a**4/12 - a**3/3 + 2*a**2 - 23*a. What is y(-5)?
-11
Suppose -w + 24 = 4*f, -2*f = -5*w - 1 - 11. Let q(s) = -f*s**2 + 3*s - 8*s + 2*s**2 + s**3. What is q(5)?
0
Let g(t) = -16*t + 1. Let q be ((5 - 3)/(-1 - 1))/1. Calculate g(q).
17
Let a = -8 - -9. Let t(y) = y**2 + 6*y - 5. Let u be t(-7). Let c(j) = -j**u - 4 + 5 - 2*j**2. Calculate c(a).
-2
Let j(v) = -1 - v**2 - 1 - v + 0. Suppose 3*w = -5*a - 147, 0 = -a - 4*a + w - 131. Let t be 60/a + (-4)/(-18). What is j(t)?
-4
Let b(x) = x - 4 - 1 + 2 + 2. Give b(1).
0
Let l be 0 + -1 + 3 - 2. Let h = l + 2. Suppose h*n = -v + 7, -20 = -2*v - 5*n - 4. Let m(f) = f**3 - 2*f**2 - 2*f - 4. Give m(v).
-1
Let o = -2 + 8. Let r(i) = i - 11. Let d be r(o). Let z(s) = -5*s**2 + 9*s - 5. Let p(w) = 4*w**2 - 8*w + 5. Let h(q) = -6*p(q) - 5*z(q). Determine h(d).
5
Let w(m) = -m**3 - 2*m**2 + 5*m + 4. Let a(j) = j**2 - 13*j + 9. Let p be a(12). Determine w(p).
-2
Let r(k) be the third derivative of k**5/60 - k**4/12 - 5*k**3/6 + 11*k**2. Determine r(4).
3
Suppose -2*r + 3 = -4*w + 7, -3*w - r - 2 = 0. Let u(a) = -a**3 + a**2 - 18. Calculate u(w).
-18
Let b be (-3 - -2)/(1/(-5)). Let x(g) be the second derivative of -g**4/12 + g**3/2 + 2*g**2 + 4*g. Determine x(b).
-6
Suppose 12 = 2*g + 14. Let w(c) = c**3 + c**2 - c - 1. Determine w(g).
0
Let t(l) = -2*l + 4. Let n(i) = -2*i + 3. Let s(y) = 3*n(y) - 2*t(y). Calculate s(2).
-3
Let a be ((-7)/14)/(2/(-44)). Let n(t) = 14*t**2 + 4*t - 8. Let b(k) = 5*k**2 + k - 3. Let y(o) = a*b(o) - 4*n(o). Calculate y(-4).
3
Let y(t) be the second derivative of -t**3/6 - 5*t**2/2 + 6*t. Let d = -13 - -8. Determine y(d).
0
Let n(d) = 2 + 2*d**3 - 2 - 5 - d**3 - d + 5*d**2. Calculate n(-4).
15
Let p(s) = -s**3 - 5*s**2 + 7*s + 6. Let v be p(-6). Let a be (v/2)/(1 - -2). Let m(o) = -o + 1. Determine m(a).
1
Let b be 1*(1 - 2 - -7). Let r(k) = -k**2 - b + 3 + 2*k**2 + 4 - 2*k. Suppose 2*h + 2*h - 12 = 0. Determine r(h).
4
Let t(a) = 2*a - 5. Suppose 0 = -7*d + d + 24. What is t(d)?
3
Let b(n) be the third derivative of n**5/30 + 11*n**4/24 + 3*n**3/2 + 5*n**2. Let k(o) = -o**2 - 6*o - 5. Let j(m) = 3*b(m) + 5*k(m). Give j(-2).
0
Suppose 4 = -7*z + 8*z. Suppose 3*o = 7*o + 36. Let j = z + o. Let b(i) = -i + 1. What is b(j)?
6
Let v(x) = x**2 + 9*x + 10. Let f(a) = a**3 + a**2 - a + 42. Let d be f(0). Suppose d - 2 = -5*n. Determine v(n).
2
Suppose -c + 3*c = -8. Let p = c + 8. Let u(m) = -m**3 - m - 1. Let b(t) = -t**3 - t**2 - 2*t - 2. Let w(s) = -3*b(s) + 4*u(s). What is w(p)?
-6
Let l be 1/4 + 22/8. Suppose -l*f + 25 = 2*f. Let v(a) = a**2 + a + 4. Let o(n) = -3*n**2 - n - 7. Let x(j) = 2*o(j) + 5*v(j). Give x(f).
-4
Suppose w + 3 = j - 0*w, w - 21 = -3*j. Let p(z) = 15 + 7*z - 1 + 8*z. Let g(u) = 7*u + 7. Let t(i) = j*p(i) - 13*g(i). What is t(-3)?
-4
Suppose -3 + 18 = 5*a. Let s(u) = u + u**3 + a*u**2 + 0*u**2 - 2*u**2 - 2*u - 3. Suppose 0*c = -c. What is s(c)?
-3
Let g(o) = 5*o. Suppose d - 8 = v, -6*v - 40 = -v + d. Let l = v + 12. Let f = 3 - l. Calculate g(f).
-5
Let d(w) be the second derivative of -w**7/840 + w**6/72 - w**5/40 - w**4/12 - w**3/6 - 2*w. Let c(s) be the second derivative of d(s). What is c(4)?
2
Let p(h) = -2 + 2*h + 0*h - 3*h. Let u = -11 + 7. Calculate p(u).
2
Suppose -5*l = -3*y - 17, -6 = 2*y + 5*l - 3. Suppose 3 = 3*n - 0. Let a = y + n. Let x(g) = -g - 2. What is x(a)?
1
Suppose 14*o - 15*o = -3. Let l(m) be the third derivative of -3*m**2 - 4/3*m**o + 0 + 0*m + 1/24*m**4. Give l(0).
-8
Let r(y) be the second derivative of y**3/6 - 11*y. Let b = 4 + -8. Calculate r(b).
-4
Let p(z) = -z**3 - 5*z**2 - 2*z - 5. Suppose 4*a + 0*o - 3*o + 112 = 0, 0 = -a + 5*o - 45. Let d = 20 + a. Give p(d).
5
Let p be 8/(-24) + ((-16)/3)/(-1). Let h(n) = 6*n**2 - 3 - n**3 + 6 - 8*n + n. What is h(p)?
-7
Let r be -1*((-2)/2 - 0). Let x = r - -1. Let z(a) = -a**3 + 3*a**2 - 2*a - 1. Calculate z(x).
-1
Let z(f) = f**3 + 2*f**2 + 2*f - 2. Suppose 3*x = -x + 8. Suppose -x*i = i - 6. Let s = -4 + i. What is z(s)?
-6
Let y(c) be the first derivative of c**3/3 - 2*c**2 - 4*c + 4. Give y(5).
1
Suppose -3*k = 2*k - 20. Let p = 1 - k. Let v(l) = 2*l**2 + 3*l - 4. Calculate v(p).
5
Let q(u) be the second derivative of u**4/12 - 5*u**3/6 - u**2 - 6*u. Let f be 1*2/(-2)*-3. Suppose -f*l = -3*y - 18, l - 5*y + 0 - 10 = 0. Calculate q(l).
-2
Let s(l) = l**3 - l. Let k(u) = 5*u**2 + 8 - 7*u + u**3 + 6*u + 3*u**3. Let h(z) = -k(z) + 5*s(z). Determine h(6).
4
Let x be ((-2 + 2)/1)/1. Let q(j) = -j**3 + j - 10. Determine q(x).
-10
Let i(t) = -13*t**2 + 4*t - 2. Let v(c) = 6*c**2 - 2*c + 1. Let u(r) = 3*i(r) + 7*v(r). Let g be 3/(-2)*(-16)/6. Let b be 6/g + 2/4. What is u(b)?
9
Let h(b) = b. Let i(r) = 7*r + 7. Let q(k) = -6*h(k) + i(k). Let u be q(-4